 4. Let m be (-2*1 - 3) + 1. Let d be y(m). What is the highest common divisor of d and x?
10
Let r(y) be the second derivative of -y**4/12 - 4*y**3/3 - 3*y**2 + 2*y. Let w be r(-7). What is the greatest common divisor of 1 and w?
1
Let g be 5 + 0/(-5 - -3). Suppose -2*l + 3*a + 27 - g = 0, -3*l = 3*a - 63. Calculate the highest common divisor of 153 and l.
17
Let h be ((-40)/12)/((-1)/3). What is the greatest common factor of 30 and h?
10
Let c = 42 + -22. Let i be (-44)/33*(-1 + -5). What is the highest common divisor of c and i?
4
Let u(c) = c**3 - 4*c**2 + 3. Let r be u(4). Suppose -2*z - 4*n = -2*n - 10, 4*n - 16 = -r*z. Calculate the highest common divisor of z and 20.
4
Suppose -x - 14 = -2*k, -5*k + 2*x + 3*x + 25 = 0. Calculate the greatest common factor of 45 and k.
9
Let o = -51 - -53. Calculate the highest common factor of o and 2.
2
Let l = 19 + -39. Let g be -18*(l/6 - -3). Suppose 2*t + t = g. What is the greatest common divisor of t and 4?
2
Suppose 0 = -2*a - 2*a - 3*w - 4, -3*w - 2 = 2*a. Let t be (91/(-14))/(a/10). Calculate the greatest common factor of t and 13.
13
Let q(c) be the second derivative of c**4/12 - 8*c**3/3 + 9*c**2 - c. Let d be q(15). Calculate the greatest common divisor of d and 21.
3
Suppose 0 = -2*d - 2. Let l be d/((1 - -2)/(-441)). Calculate the greatest common factor of 21 and l.
21
Let l = 7 + 1. Let u be (-32)/12*(-11 + -1). Calculate the greatest common factor of l and u.
8
Let u be (-12)/(-8)*(-102)/(-9). What is the highest common divisor of u and 119?
17
Let a(z) = 5*z**2 + 1. Let m be a(2). Calculate the highest common factor of 189 and m.
21
Let g = -13 + 59. Let d(s) = -2*s**2 - 53*s + 50. Let h be d(-27). What is the highest common divisor of g and h?
23
Let x = 19 - -16. Suppose 3*a + 4*j + 116 + 12 = 0, 0 = a - j + 38. Let s be (-4)/(-12) - a/6. Calculate the highest common factor of s and x.
7
Let d(w) = 51*w + 476. Let n be d(-9). Let f be (543/(-6))/((-2)/4). Let y = 317 - f. What is the highest common divisor of n and y?
17
Let l(b) = 4*b**2 - b - 2. Let p be l(2). Suppose 420 = 4*j - 4*o + 36, -192 = -2*j - 5*o. Calculate the greatest common factor of j and p.
12
Let w be (-18)/2*(0 + -3). Let s be w/2 - 2/(-4). Let l = -253 - -407. Calculate the highest common divisor of s and l.
14
Let u be (-27)/2*(-4)/3. Calculate the greatest common divisor of u and 45.
9
Suppose -4 + 6 = 2*b. Let q be ((-4)/(-14))/(b/7). Calculate the highest common divisor of q and 22.
2
Let r(z) = -z**2 - 3*z + 3. Let d = -7 + 4. Let q be r(d). What is the greatest common divisor of 12 and q?
3
Let s = 113 - 53. Suppose 2*j = -3*j + s. Calculate the highest common factor of 18 and j.
6
Suppose 0 = -2*v - 2*v + 312. Calculate the highest common factor of 52 and v.
26
Let c = -1 + 2. Let v(w) = 67*w**3 + w. Let t be v(c). Suppose -3*f + 22 = -t. Calculate the highest common divisor of 75 and f.
15
Let f(k) = k**3 + 7*k**2 - 11*k - 18. Let r be f(-8). What is the greatest common factor of r and 9?
3
Let r(h) = -h**3 - 7*h**2 - h + 3. Let u be r(-8). What is the highest common divisor of u and 15?
15
Let m = -75 + 109. What is the highest common factor of m and 17?
17
Let d(v) = v**3 + 9*v**2 - 9*v + 14. Let o be d(-10). Suppose o*g = 3*g. Suppose g = h - 3 + 2. Calculate the highest common factor of h and 7.
1
Suppose -k = -3*c - 2*k + 437, 717 = 5*c - 4*k. What is the highest common divisor of 29 and c?
29
Let a = -34 - -67. Suppose -a = -3*c + 12. What is the highest common factor of 6 and c?
3
Suppose 0*d - 120 = -4*d. What is the greatest common factor of d and 75?
15
Suppose -4*f + 0*f + 720 = 0. Let j = 35 - 15. What is the greatest common divisor of f and j?
20
Let t be 3/6*4/(-1). Let z be (t - -16)*(-6)/(-7). What is the highest common factor of 12 and z?
12
Let v(o) = -8*o. Let g be v(-2). Let u(r) = -9*r - 5. Let n be u(-5). Calculate the greatest common factor of g and n.
8
Let m(u) = 0 - 13*u - 2 + 6*u - 1. Let h be m(-2). Calculate the greatest common factor of 110 and h.
11
Suppose -2*c + 113 = -47. Let o be 58/6 + 5/15. What is the greatest common factor of c and o?
10
Suppose -12*l = -7*l - 20. Let m = 12 + -4. What is the highest common divisor of m and l?
4
Suppose -35*y = -40*y + 110. Calculate the greatest common factor of y and 198.
22
Suppose 4*r + 4*m + 6 = 2*r, 0 = -3*r - 4*m - 3. Let g = 28 - 20. Suppose 65 = g*h - r*h. Calculate the greatest common divisor of h and 26.
13
Let j = 16 + 5. Let f(g) = -g + 1. Let o be f(-12). Let h = -10 + o. What is the highest common divisor of h and j?
3
Let l(p) = -2*p**3 + 10*p**2 + 8*p - 16. Let y be l(5). What is the highest common factor of y and 60?
12
Suppose v + r - 59 = 0, 0 = 5*r + 5. Suppose 0 = 3*x - x + 4, x = h - 26. What is the greatest common divisor of h and v?
12
Let x be 12 - 1/(2 - 3). Let r = 25 - x. Suppose -17 - 13 = -5*y. What is the greatest common factor of y and r?
6
Let k be -60*(-5)/(30/16). Let i = 280 - k. Calculate the highest common factor of 20 and i.
20
Suppose 0 = -2*g + 2 - 12, 4*v - 3*g = -5. Let w be (-1)/v + 147/15. Suppose -n + 5*i = -29 + w, -4*n + 57 = -i. Calculate the highest common factor of n and 7.
7
Suppose -2*s - 3 + 23 = 0. Calculate the greatest common factor of s and 4.
2
Let u(s) = -s**2 + 7*s + 4. Let o be u(6). What is the highest common factor of 10 and o?
10
Suppose 0 = h + 2*c - 2, 6 = 3*h + c + 3*c. What is the highest common divisor of 5 and h?
1
Let g = -4 - 0. Let w(p) = p**3 + 5*p**2 + 3*p + 3. Let q be w(g). Let z = 115 - 66. Calculate the highest common divisor of q and z.
7
Suppose 0 = -z + 7 - 0. Suppose -2*w - 26 = -152. Calculate the greatest common factor of z and w.
7
Suppose 0*a + 42 = 2*a. Calculate the highest common divisor of 14 and a.
7
Let o(z) = -z**2 - 15*z - 8. Let b be o(-11). Suppose -2*r = -4, -b = -4*v - r + 18. Calculate the greatest common factor of v and 39.
13
Let j(k) = -2 + 16*k**2 - 3*k - 1 + 2 + 4*k. Let w be j(1). What is the greatest common factor of 2 and w?
2
Let w be (0 + -3)/((-13)/130). What is the greatest common factor of 10 and w?
10
Suppose -62 = -2*l - 0*l. Calculate the greatest common factor of 155 and l.
31
Let p be (42/(-12) + 3)/((-1)/222). Calculate the greatest common divisor of 74 and p.
37
Let z be 52/14 - 2/(-7). Let a = -1 + 5. What is the greatest common divisor of a and z?
4
Suppose -3*n = -4*a, -5*a = 2*n + 24 - 1. Let x be 1 + n - (-11 - 0). Let b = 7 - -33. What is the highest common divisor of b and x?
8
Let g(u) = -u**3 - 5*u**2 + 2*u - 7. Let c be g(-6). Let q = c + -33. Let n be (2 - q)*2/4. What is the highest common divisor of n and 27?
9
Suppose 3*z - 45 = -3*f, -3*f + 3 + 9 = 0. What is the greatest common divisor of z and 99?
11
Suppose 5*v - 56 = 3*v. Let r(a) = a**3 + 13*a**2 + 13*a + 16. Let l be r(-12). What is the greatest common divisor of v and l?
4
Suppose -157 - 148 = -y - 2*a, -4*y = a - 1192. Let z = -56 + 83. What is the greatest common divisor of z and y?
27
Suppose -l + 16 = l + 2*v, 3*l + 4*v = 29. Suppose 7*m = l*m + 64. Let x(u) = 4*u**2. Let q be x(-1). Calculate the greatest common divisor of q and m.
4
Suppose 0*g - 200 = -5*g. Calculate the highest common factor of g and 100.
20
Suppose -5*s = 80 - 280. Calculate the highest common divisor of 16 and s.
8
Let q be 4 + (-2 - (-3 + 2)). Suppose -p - q = 4*l - 64, -4*p = 3*l - 36. What is the greatest common factor of 4 and l?
4
Let o = 20 - 12. What is the highest common factor of 8 and o?
8
Suppose 0 = u + 2*t - 27, -25 = -u + 5*t + 23. Let h = u + 0. Suppose -2*c + h = -3. Calculate the greatest common factor of 162 and c.
18
Let w(f) = -f**3 + 3*f**2 - f + 2. Let j be w(2). What is the highest common divisor of 32 and j?
4
Let m(p) = -2*p - 10. Let o be m(-11). Suppose 0 = 2*k + 2*k - 4*z - o, 5*k + 3*z = 31. Let i = 7 - -18. What is the highest common divisor of k and i?
5
Suppose -3*q + 2*x + 122 = -0*x, -3*x - 3 = 0. What is the highest common divisor of 4 and q?
4
Let n(r) = -4*r**3 + r**2 + 2*r + 1. Let t be n(-2). Let s be 4 - (-6 + 12/3). Let d be 15/s*(-6)/(-5). What is the highest common factor of d and t?
3
Let c(v) = -3*v - 3. Let f be c(-2). Suppose -5*j = -n - 40, 1 = -f*j + 4*n + 8. Suppose 11 = 2*z - 7. What is the highest common divi